{"id":6251,"date":"2026-01-19T11:09:50","date_gmt":"2026-01-19T11:09:50","guid":{"rendered":"https:\/\/klaasmerk.ee\/pood\/?post_type=product&#038;p=6251"},"modified":"2026-03-12T07:18:51","modified_gmt":"2026-03-12T07:18:51","slug":"triip","status":"publish","type":"product","link":"https:\/\/klaasmerk.ee\/pood\/toode\/triip\/","title":{"rendered":"Triip"},"content":{"rendered":"","protected":false},"excerpt":{"rendered":"<p>Valmistamisaeg 10-15 t\u00f6\u00f6p\u00e4eva<br \/>\nEi leidnud sobivas m\u00f5\u00f5dus du\u0161iseina? <a href=\"https:\/\/klaasmerk.ee\/et\/hinnaparing\/hinnaparingu-kontakt\/\">Kirjuta meile!<\/a><\/p>\n","protected":false},"featured_media":6280,"template":"","meta":[],"product_brand":[],"product_cat":[56],"product_tag":[],"class_list":{"0":"post-6251","1":"product","2":"type-product","3":"status-publish","4":"has-post-thumbnail","6":"product_cat-dusiseinad","8":"first","9":"instock","10":"taxable","11":"shipping-taxable","12":"purchasable","13":"product-type-variable","14":"has-default-attributes"},"aioseo_notices":[],"_links":{"self":[{"href":"https:\/\/klaasmerk.ee\/pood\/wp-json\/wp\/v2\/product\/6251","targetHints":{"allow":["GET"]}}],"collection":[{"href":"https:\/\/klaasmerk.ee\/pood\/wp-json\/wp\/v2\/product"}],"about":[{"href":"https:\/\/klaasmerk.ee\/pood\/wp-json\/wp\/v2\/types\/product"}],"wp:featuredmedia":[{"embeddable":true,"href":"https:\/\/klaasmerk.ee\/pood\/wp-json\/wp\/v2\/media\/6280"}],"wp:attachment":[{"href":"https:\/\/klaasmerk.ee\/pood\/wp-json\/wp\/v2\/media?parent=6251"}],"wp:term":[{"taxonomy":"product_brand","embeddable":true,"href":"https:\/\/klaasmerk.ee\/pood\/wp-json\/wp\/v2\/product_brand?post=6251"},{"taxonomy":"product_cat","embeddable":true,"href":"https:\/\/klaasmerk.ee\/pood\/wp-json\/wp\/v2\/product_cat?post=6251"},{"taxonomy":"product_tag","embeddable":true,"href":"https:\/\/klaasmerk.ee\/pood\/wp-json\/wp\/v2\/product_tag?post=6251"}],"curies":[{"name":"wp","href":"https:\/\/api.w.org\/{rel}","templated":true}]}}